 the prime factors of k(1)?
2
Let y = 10 - 10. Suppose y = -2*o + 4 + 18. What are the prime factors of o?
11
Let u = -20 - -34. List the prime factors of u.
2, 7
Suppose 5*z - 4 = 6. Suppose -j = -z*j + 1. Let w(x) = 8*x. What are the prime factors of w(j)?
2
Let c(k) = -k**2 - 13*k + 2. Suppose -61 = 5*r - 21. List the prime factors of c(r).
2, 3, 7
Let l(g) = -g**2 - 5*g + 1. Let j be l(4). What are the prime factors of j/(0 - 1) - 3?
2
Let r(z) = -z**2 - 2*z + 4. Let b be r(-3). What are the prime factors of ((-12)/(-7))/(b/7)?
2, 3
Let g(y) = -y**3 + 11*y**2 + 12*y + 2. Let f be g(12). Let m = 6 - -3. Let k = m - f. List the prime factors of k.
7
Suppose -20 = -2*b + 8. Suppose 4*v - b = -4*n + 90, -4*n - 43 = -3*v. List the prime factors of v.
3, 7
Let x be (-4)/(-8) - (-19)/(-2). Suppose -4*w = -2*o - 54, w = 5*o - 3*w + 111. Let g = x - o. List the prime factors of g.
2, 5
Let m(w) = w + 4. Let t be m(0). Suppose f - 35 = -t*f. What are the prime factors of f?
7
Let p(z) = -z + 8. Let h be p(4). Suppose -43 = -h*l + 57. Suppose 2*j = -3*j + l. List the prime factors of j.
5
List the prime factors of 5/((-5)/(-38)) - -3.
41
Let q = 3 + -3. Suppose -a - 5*j + 25 = q, -a - 2*j - j = -15. Suppose a*p = -2*p + 16. What are the prime factors of p?
2
Let d(f) = 7*f**2 - 8*f + 16. What are the prime factors of d(6)?
2, 5, 11
Let p(w) = -2*w + 1. Let u be p(-1). Suppose t + 0*r + 1 = -r, -u*r = -5*t + 35. Suppose 3*k = -j + 14, t*j = k + k - 14. What are the prime factors of k?
5
Let f be -2 + -2 + 32 + 1. Let b = 69 - f. What are the prime factors of b?
2, 5
Suppose -3*v - u + 22 = 2*v, -4*u = -8. List the prime factors of v + (33 - 0/4).
37
Let h(x) = x**2 - 7*x - 3. Let w(v) = -v**2 + 12*v + 8. Let g be w(12). Let o be h(g). Let d = o - -4. What are the prime factors of d?
3
Let n = -6 - -84. What are the prime factors of n?
2, 3, 13
What are the prime factors of 7/(70/144) - (-9)/15?
3, 5
Let h be ((-3)/5)/((-9)/90). Let r = h - -5. List the prime factors of r.
11
Suppose -9*v + 7*v + 54 = 0. List the prime factors of v.
3
Let b(i) = 3*i**3 - 4*i**3 - i + i**2 + 3 + 9. Let d = 8 + -8. List the prime factors of b(d).
2, 3
Suppose 4*x - 8 - 12 = 0. Suppose 0 = -x*d - 2*y + 4*y + 10, -y = -4*d + 11. List the prime factors of d.
2
Suppose -4*g + 3*w = -28, -5*w + 70 = -0*g + 5*g. Let o be (6/5)/(3/g). Suppose v + o*v - 35 = 0. What are the prime factors of v?
7
Suppose 3*x = -3*r - 84, -2*x = 4*r + 82 + 30. Let j = 43 + r. What are the prime factors of j?
3, 5
Suppose -78 = 8*w - 678. List the prime factors of w.
3, 5
Suppose x + 0*x = 5. Suppose -x = 4*h + 7. Let l = 0 - h. List the prime factors of l.
3
Let x = -14 - 2. Let f = -11 - x. Suppose 10 = 3*z - f. What are the prime factors of z?
5
Let o be 12/(-14)*(-43 + 1). Suppose -2*f = 2*f - o. Let p = f - 3. List the prime factors of p.
2, 3
Let u = -6 - -13. Let m be -1*(0 + 2) + u. Let a = m + 1. What are the prime factors of a?
2, 3
Let l(b) = b**3 + 3*b**2 - 5*b + 1. Let w be l(-4). Let c = w - 6. List the prime factors of c + 0 - 84/(-6).
13
Suppose 3*v = 5*w + 754, -5*v + 1267 = -6*w + 8*w. List the prime factors of v.
11, 23
Let i(q) = 9*q + 9. What are the prime factors of i(12)?
3, 13
Let f(l) = 2*l + 3 + 2*l - 8*l + 3*l. List the prime factors of f(-9).
2, 3
Let t(b) = -4*b - 8. What are the prime factors of t(-7)?
2, 5
Let g(r) = 73*r - 17. What are the prime factors of g(2)?
3, 43
Suppose 0 = -3*f + 2*f + 16. Suppose 2*v = -2*v + f. What are the prime factors of (-1 - 1)/(v/(-6))?
3
Suppose -2*d + 0*q - 5 = -q, 4*q = 4*d + 12. Let l(r) = -2*r**3 + 2*r**2 + 2*r + 1. List the prime factors of l(d).
3, 7
Let p(w) = -24*w. What are the prime factors of p(-1)?
2, 3
Suppose 0 = -j - 0 - 12. Let k be (-6)/3 + 4/(-1). Let c = k - j. What are the prime factors of c?
2, 3
Suppose 5*c - 4*c - 54 = 0. List the prime factors of c.
2, 3
Let r(t) = 4*t**2 - 17*t - 12. List the prime factors of r(-6).
2, 3, 13
Let i = -7 - 5. Let m = 0 - i. What are the prime factors of m?
2, 3
Let r = -7 + 5. Let m(g) = -2*g**3 - 2*g**2 + 3*g + 2. What are the prime factors of m(r)?
2
Let c(t) = t**3 - 5*t**2 + 6*t - 3. List the prime factors of c(4).
5
Let b(h) = 2*h + 5. Let i(y) = -2*y - 5. Let p(g) = -6*b(g) - 4*i(g). List the prime factors of p(-9).
2, 13
Let n be 2 - ((-6)/(-3) + -2). Let w be (-3)/2*-2 - n. What are the prime factors of (-1 - 1 - -14)/w?
2, 3
Let m(c) = c**3 - 4*c**2 + 3*c + 4. Suppose 0 = -0*t - 4*t + 20. Suppose 25 = -5*p, 2*b + t*p = -3*b - 10. What are the prime factors of m(b)?
2
Let w = -21 + 47. What are the prime factors of w?
2, 13
Suppose 5*i - 250 + 45 = 0. What are the prime factors of i?
41
Suppose 0*l + 4*p = l - 10, -2*p = -2*l - 4. Let z(t) = -t**2 - 10*t - 7. What are the prime factors of z(l)?
17
Suppose -5*f - 2*h - 578 = -10*f, 0 = -f - h + 117. What are the prime factors of f?
2, 29
Let c(s) = s**3 + 6*s**2 + 4*s + 3. Let q be 4/6 + (-196)/42. What are the prime factors of c(q)?
19
Suppose -10*o + 7*o + 234 = 0. What are the prime factors of o?
2, 3, 13
Suppose 650 = 23*m - 18*m. List the prime factors of m.
2, 5, 13
Let g(q) be the second derivative of q**7/2520 + q**5/40 - q**4/12 - q. Let f(j) be the third derivative of g(j). List the prime factors of f(-3).
2, 3
Suppose 0 = 3*p - f - 908, 5*p - 1495 = -2*f - 0*f. What are the prime factors of p?
7, 43
Let u(l) = l**2 + 11*l + 6. Let c be u(-7). Let o = c - -41. What are the prime factors of o?
19
Let a(u) = 3 + 4*u - 3*u**2 + 2*u**2 + 0 - 12*u. Let m be a(-8). Suppose 0*l + 9 = m*l. List the prime factors of l.
3
Suppose i + 0 = 4. Suppose 3*s - 2*r + 18 = 2*r, 3*r = -i*s + 1. Let u(f) = f**2 - f - 2. What are the prime factors of u(s)?
2
Suppose -18 = h + 5*o - 0*o, -o = -4*h + 12. What are the prime factors of (h - 5 - -4) + 16?
17
List the prime factors of (-8)/(1 + 15/(-10)).
2
Suppose 3*g = -4*m + 5, 0 = m - 4*m - 5*g - 10. Let w(y) = -2*y - 4. Let j be w(m). Let n = -5 - j. What are the prime factors of n?
3
Let n(a) = a**3 - 8*a**2 + 9*a + 9. Let s be n(7). Suppose -h = 5*w - s, -4 = -2*h - w + 15. What are the prime factors of h?
2
Let y = 490 + -165. List the prime factors of y.
5, 13
Let q(a) = 29*a**2 - 3*a - 3. What are the prime factors of q(-1)?
29
Suppose 4*w + 0*s + 8 = -2*s, 5*s + 20 = -4*w. Suppose d - 2*g - 19 = w, 2*d + 2 = -4*g - 0. List the prime factors of d.
3
Let l(h) = h**2 - h - 13. Let n be l(0). Let o be (10 - 10)*2/4. List the prime factors of (-1 - o)/(1/n).
13
Suppose 10 = -2*p + 142. What are the prime factors of p?
2, 3, 11
Let s be 5/20 + 9/(-4). Let g be 13/(-5) - (-4)/(-10). List the prime factors of (s/g)/((-12)/(-126)).
7
Suppose -42 = -2*q - 2*b + 4, q - 23 = 3*b. List the prime factors of q.
23
Suppose 5*y - 16 - 4 = 0. Suppose -y = -4*h, k = 4*k + 5*h - 17. What are the prime factors of k?
2
Suppose -2*p + 16 + 16 = 4*s, 0 = 5*p + 4*s - 62. Suppose -4*u - 5*b = -45, -u + 0*b - b + p = 0. What are the prime factors of u?
5
Let b = -10 + 10. Suppose 0 = 5*o - 5*a - 70, -o + b*a + 10 = a. List the prime factors of o.
2, 3
Suppose -4*k - 453 = -3*w + k, w - 5*k - 141 = 0. List the prime factors of w.
2, 3, 13
Let c = 42 + -19. What are the prime factors of c?
23
Let x(i) = i**2 + 8*i - 7. Let w be x(-9). Let d be ((-1 - -1) + 0)/2. Suppose d = 4*j - 2*n - 84, -w*j = n - 37 - 1. List the prime factors of j.
2, 5
Suppose 5*n = 2*f + 200, 3*n + 160 = 7*n - 4*f. Let a = n + -27. What are the prime factors of a?
13
Let h be 20/16*(2 + 2). Suppose 8*n - h*n = 15. What are the prime factors of n?
5
List the prime factors of (-8)/(8/(-4)) - -42.
2, 23
Let c be (-1)/(2/(-180)*1). Suppose -b = 2*b - c. List the prime factors of b/12 + (-2)/4.
2
List the prime factors of 40/5 - (0 - 0).
2
Let c(l) be the second derivative of l**5/20 + 5*l**4/12 - 4*l**3/3 - 2*l**2 + 2*l. Let x be c(-6). List the prime factors of ((-25)/20)/((-1)/x).
2, 5
Suppose 3*t = -2*p + 4, -t = -3*t - 4*p. Let s = -2 + t. Let y(v) = v**2 + v + 6. List the prime factors of y(s).
2, 3
Let j = 260 - 182. Suppose u + p - 26 = 2*p, j = 3*u + 4*p. List the prime factors of u.
2, 13
Let q be ((-3 - -6) + -4)*7. Let n = 27 + q. List the prime factors of n.
2, 5
Suppose 0*c + 4*c = 268. Suppose 20 = 3*s - c. List the p